he highest common factor of u and c?
10
Let y = 2 + -8. Let w(c) = -c**3 - 6*c**2 - 3*c + 4. Let u be w(y). Let d = 29 - 18. What is the highest common divisor of d and u?
11
Suppose 0*w - 4*w = -20. Calculate the highest common factor of 40 and w.
5
Suppose f = 5*f + 132. Let b = -17 - f. Calculate the highest common divisor of b and 8.
8
Let x = 16 + -11. Suppose -3*s = -x*s + 198. What is the greatest common divisor of s and 9?
9
Let q = -1 - 3. Let y be 14/(-4) - (-2)/q. Let b be (1 - 11)*2/y. What is the greatest common factor of 5 and b?
5
Suppose -4*p + 300 = -4*u, 2*p - 5*u - 159 + 0 = 0. Calculate the greatest common divisor of p and 8.
8
Suppose 180 = 2*d + 3*d - 5*n, -d + 18 = 5*n. What is the greatest common divisor of 165 and d?
33
Let o(u) = 18*u - 1. Let j be o(1). Calculate the highest common divisor of 17 and j.
17
Suppose 5*t + 3*d - 30 = 0, -t - 2*d + 6 = 2*d. Let g = 237 - 171. Calculate the greatest common factor of t and g.
6
Let n = 1 + -1. Suppose -5*r - 10 = 4*g - 27, -2*g - 5*r + 11 = n. Suppose 0 = a + g*a - 48. Calculate the highest common divisor of 48 and a.
12
Let o(u) = u + 1. Let z be o(3). Let d be ((-8)/(-6))/(4/6). Calculate the highest common divisor of z and d.
2
Suppose 0 = j - 5*x - 45, 0 = 3*j - 8*x + 3*x - 145. What is the greatest common factor of 10 and j?
10
Let k(g) = -g + 13. Let c be k(-19). What is the greatest common divisor of 8 and c?
8
Let o(r) = 3*r**2 - 2*r - 7. Let p be o(3). What is the highest common divisor of 126 and p?
14
Let i be (-26)/(-4) - 2/4. Let l(q) = -6*q. Let k = 5 - 6. Let t be l(k). Calculate the greatest common factor of i and t.
6
Let v(a) = 5*a**2 + 32*a + 3. Let l be v(-7). Let f be 167*1 - (-3)/3. What is the greatest common divisor of l and f?
24
Let a be (-675)/18*(-16)/3. What is the highest common divisor of 25 and a?
25
Let a be ((-22)/4)/(3/(-48)). Suppose 2*s - 28 = -4*p, 29 = 5*s - p - 8. What is the greatest common factor of a and s?
8
Suppose -267 = -4*f - 3*m, 5*f + 2*m - m = 331. What is the greatest common factor of 88 and f?
22
Let l be 6*1/(2/(-3)). Let w be 17 - (-2 + l/(-3)). Calculate the highest common factor of w and 64.
16
Suppose -x = -8*x + 490. What is the greatest common factor of 14 and x?
14
Let y(w) = 4*w. Let r be y(1). Let a = -11 - -11. Let d(x) = -x**3 - x**2 + x + 36. Let q be d(a). Calculate the highest common divisor of r and q.
4
Let c be (-40)/(-3) + (-2)/6. Let s be ((-4)/12 + 4/(-6))*-3. Suppose -5*n + c = -s*d + d, d - 31 = -5*n. Calculate the greatest common factor of 6 and d.
6
Suppose -2*d - 20 = -7*d, -j + d + 84 = 0. What is the greatest common factor of j and 11?
11
Let p(q) = q**3 + q**2 + q + 193. Let x be p(0). Let m = -103 + x. What is the greatest common divisor of 18 and m?
18
Suppose -f + 1 + 2 = 0. What is the greatest common divisor of 33 and f?
3
Suppose 0 = -y + 2*c - 31, -2*c + 40 = -2*y - 20. Let i = y + 71. Calculate the greatest common factor of i and 6.
6
Let u = -1 - -25. What is the greatest common factor of u and 36?
12
Let n = 5 - 7. Let y be n/(-4) - (-46)/4. What is the highest common divisor of 60 and y?
12
Let k be 12/9*(-45)/(-6). What is the highest common divisor of 1 and k?
1
Let r = -24 + 27. Calculate the greatest common factor of 21 and r.
3
Let s be (-6)/(((-18)/(-8))/3). Let k(w) = -2*w - 10. Let o be k(s). Calculate the highest common divisor of 48 and o.
6
Let w(x) be the third derivative of 2*x**2 - 1/6*x**4 + 0 + 1/6*x**3 + 0*x. Let z be w(-1). What is the highest common divisor of 45 and z?
5
Let t = 185 + -100. Suppose -t = -4*c - c. What is the highest common factor of 51 and c?
17
Let z = -159 - -423. Let b be ((-15)/(-4))/(6/z). Calculate the highest common divisor of b and 15.
15
Suppose 4*m - 669 - 255 = 0. What is the greatest common factor of 21 and m?
21
Suppose 3*m = 5*m - 16. Calculate the highest common divisor of 1 and m.
1
Let x be (-4)/24*-3*46 + 1. Calculate the highest common factor of 36 and x.
12
Let p(s) = s - 1. Let g be 11 + -4 + (-6)/(-2). Let f be p(g). Calculate the highest common factor of f and 9.
9
Let u(o) = -o**3 - 7*o**2 - 8*o - 6. Let z be u(-6). Calculate the greatest common divisor of z and 60.
6
Suppose -2*d = 2*d - 48. Let v(o) = -o. Suppose 12 = -4*l, 3*n - 6 = l + 4*l. Let c be v(n). Calculate the greatest common factor of d and c.
3
Let k = 5 - 3. Suppose -k*r = 3*r - x - 224, -20 = 5*x. Calculate the greatest common factor of 4 and r.
4
Let w be (-2)/(-12)*2*0. Let q be 1/(w + (-1)/(-2)). Let d be (-42)/6*(-2)/q. Calculate the greatest common divisor of 7 and d.
7
Suppose 4*j - 26 = 10. Suppose -j*f + 112 = -8*f. Calculate the highest common divisor of f and 16.
16
Suppose -5*z + 673 = -182. Calculate the highest common divisor of z and 19.
19
Let s be (4/(-6) + (-31)/3)*-2. What is the greatest common divisor of 154 and s?
22
Let h(g) = g + 2. Let i be h(2). What is the highest common factor of 16 and i?
4
Suppose 2*r - 3 = r. Let t be 1*-4*(-3)/r. Suppose -t*y + 9*y - 30 = 0. Calculate the greatest common factor of y and 4.
2
Let w = 2 - -32. What is the greatest common divisor of 306 and w?
34
Let p(u) = -5*u**3 + u**2 + 4*u. Let x be p(-3). Suppose 0 = -2*i + 1 + 23. What is the greatest common divisor of x and i?
12
Let m(k) = k**2 + 2. Let l = 21 - 15. Let r be m(l). Suppose -y + 43 = 2*z, 0 = -5*z + 4*z + 2*y + 9. Calculate the greatest common divisor of z and r.
19
Let o = -2 + 16. Let y be -13*(-1 + (-4)/(-2)). Let p = 69 + y. What is the greatest common factor of o and p?
14
Let u = 165 + -57. Calculate the greatest common factor of 27 and u.
27
Let j = 398 - 278. What is the highest common factor of 15 and j?
15
Let v be 6*1/(-2) + 2. Let n = v + 5. Calculate the greatest common factor of n and 20.
4
Suppose 3*q = q + 342. Calculate the greatest common factor of q and 19.
19
Suppose 36 = i - 2*q + 3*q, 5*i - 4*q - 189 = 0. Calculate the greatest common divisor of 148 and i.
37
Let q(a) = 5*a - 4 + 23*a - 4*a. Let c be q(6). Calculate the highest common factor of 20 and c.
20
Let u be (4/(-6))/(5/(-60)). What is the highest common divisor of 4 and u?
4
Let v be -2*-4*(-2)/16. Let y be (v/1)/((-1)/4). Calculate the greatest common divisor of y and 28.
4
Suppose 4*k = -k + 50. Let z be 15 - (-5)/(k/6). Let t be 8/(-20) + 362/5. Calculate the greatest common factor of t and z.
18
Suppose 6*l + 1 = 85. What is the highest common factor of 21 and l?
7
Let z(q) = -2*q**3 + 1. Let d be z(-1). Let g(t) = -4*t - 5. Let x be g(-6). Let b = 8 + x. Calculate the highest common divisor of b and d.
3
Suppose -n - 4 = n + 2*k, 0 = -2*n - 5*k - 19. Suppose n*r - 7*r = -8. Let b be (2 + -94)/(-2) + r. What is the highest common divisor of b and 6?
6
Suppose -4*n + n - 303 = -4*t, 2*n + 154 = 2*t. Calculate the highest common factor of t and 9.
9
Suppose -d - 4*d = -105. Suppose -4*m = -2*m - 14. Suppose i - m = -4. What is the highest common factor of d and i?
3
Suppose -303*m + 308*m = 140. What is the greatest common factor of 7 and m?
7
Suppose -44 = -4*k - p - 3*p, -k + 3*p = -23. Suppose -5*i + 41 + k = 0. Let n = -134 - -189. What is the highest common factor of i and n?
11
Let d = 6 - 2. Suppose -d*y = -y - 36. What is the greatest common divisor of 30 and y?
6
Let i = -198 - -303. Calculate the greatest common divisor of 21 and i.
21
Let g be (0 - 48/20*-2)*5. Let j = 17 + 22. Let b = -23 + j. What is the greatest common divisor of g and b?
8
Suppose 4*d = -3*q + 44, 0 = -2*d + 2*q - q + 12. Calculate the greatest common factor of d and 20.
4
Let d be -3*(-8)/(-3)*-5. Let o = -10 + d. Calculate the highest common factor of o and 5.
5
Let l(j) be the third derivative of j**5/60 - 4*j**3/3 - 3*j**2. Let d be l(-8). What is the greatest common factor of 8 and d?
8
Suppose 4*h = v + 41, -7 + 57 = 4*h + 2*v. Let d = h + -3. Calculate the greatest common factor of 32 and d.
8
Suppose c = 6*c. Suppose c*s = -5*s + 300. Let y = 6 + 6. Calculate the greatest common factor of s and y.
12
Let i be 1/1 - 0 - 1. Let m = -79 - -25. Let b be (0 - m) + (i - 0). Calculate the greatest common divisor of 6 and b.
6
Suppose 14*s - 51 = 733. What is the highest common divisor of s and 14?
14
Let t(h) = -5*h + 40. Let b be t(-12). Calculate the highest common d